-46 - -70. Suppose f - 5*m + o = 4*f, -f - 5*m = 2. Is 13 a factor of f?
True
Suppose -4*b + 268 = -100. Let w = -66 + b. Suppose 0 = -4*m + 2*a + w, 4*a = 5*m - 19 - 21. Is 2 a factor of m?
True
Let y be 1*((-20)/4 + -3). Does 30 divide (-4)/(y/(-6)) - -104?
False
Suppose -84 + 304 = 5*k. Let m = k - -2. Is m a multiple of 8?
False
Suppose -2*f + f - 27 = 0. Let k = f + 67. Does 12 divide k?
False
Let c(u) = u**3 + 5*u**2 - 7*u - 1. Let n be c(-6). Does 12 divide (-10)/(-2)*(2 + n)?
False
Suppose -232 = v - 5*v. Is v a multiple of 15?
False
Let n(d) = 13*d**3 + 2*d**2 - 3*d - 2. Is 9 a factor of n(2)?
False
Suppose 0 = -4*l - 3*m + 1062 + 15, l = 5*m + 275. Is l a multiple of 45?
True
Let r(h) = h**3 - 3*h**2 + 3*h. Let v be r(2). Suppose v*q = q + 2. Suppose -2*s - 14 = -4*s + q*l, 0 = 3*s - 2*l - 22. Is s a multiple of 4?
True
Suppose -17 = -4*b + 2*b + 3*o, 2*b - o = 19. Let s(r) = -r**2 + 11*r + 5. Is 7 a factor of s(b)?
False
Let d be (-3 - (1 + 1))*-1. Let u(c) = c**3 + 7*c**2 + 6*c + 7. Let g be u(-5). Suppose -3 = -d*j + g. Does 3 divide j?
True
Let n(u) = u**3 - 5*u**2. Suppose 0 = -4*s + 12, -3*m + 17 = 2*s - 4. Let p be n(m). Suppose y + p*y = 20. Is 13 a factor of y?
False
Let u(p) = -4*p - 1. Let o(q) = q - 9. Let m be -8*(3 + 12/(-3)). Let l be o(m). Does 3 divide u(l)?
True
Suppose -5*b + 5 = -0*b. Suppose -l + 2*l = -b. Let h = 8 - l. Is h a multiple of 9?
True
Suppose v = 2*d - 51, -4*d + 4*v + 89 = -d. Is d a multiple of 5?
False
Suppose 5*q - 10 = -0*q. Suppose -2*b + q*r + 113 = 3*b, 0 = -4*b + 3*r + 89. Is b a multiple of 11?
False
Let l = 394 - 279. Is 23 a factor of l?
True
Let k = -8 - -6. Let o = 84 + -73. Let j = o - k. Is j a multiple of 13?
True
Let x = -91 + 148. Suppose -3*v = -x - 24. Suppose 5*n + v = w + 4*n, 3*w + 5*n = 121. Is w a multiple of 16?
True
Suppose -5*j - 51 = 2*u, -2*u + 3*j = 43 + 16. Let b = u - -49. Suppose 2*m - b = 5*y, -5*m + 0*m = -3*y - 43. Does 8 divide m?
True
Let u = -1 + 6. Let z be -6 + u - (0 - 1). Does 18 divide (1 - 0) + z - -50?
False
Let h(l) = -l**2 + 9*l - 4. Does 5 divide h(6)?
False
Is 14 a factor of ((-316)/(-6))/(14/21)?
False
Is (-4)/10 - 10/(-25) - -42 a multiple of 34?
False
Let s be 1/((-1)/(-4 + 2)). Suppose 3 + 1 = -s*f. Does 8 divide f - -4 - (0 - 10)?
False
Suppose -4*b = 2 + 6. Let g be (-1117)/(-4) + b/8. Suppose -4*w + g = 119. Does 15 divide w?
False
Suppose 0 = k + o + 3 - 4, 5*k + 35 = 3*o. Let m be 18/(-4)*k/6. Suppose -4*p - 5*a + 77 = -13, -m*a + 6 = 0. Does 10 divide p?
True
Suppose -45 = 6*k - 5*k. Is 4 a factor of (k/(-25))/((-3)/(-20))?
True
Suppose -5*g - 3 = -3*q, 5*g + 3 = 5*q - 2. Let w(r) = -r**3 + r + 3. Let v be w(g). Is 8 a factor of (v - (-2 + 3)) + 15?
False
Let u(s) = -s**3 - 9*s**2 + s - 3. Let g be u(-9). Let t = 5 - g. Is t a multiple of 9?
False
Suppose 5*j - 4 - 16 = 0. Let f(q) = 2*q - 4. Let t be f(j). Suppose 5*x + 5*p - t = 1, 0 = -2*x - 5*p - 4. Does 3 divide x?
True
Suppose -5*j + 23 = -n - 210, -5*n - 131 = -3*j. Is 10 a factor of j?
False
Let o = -32 + 67. Suppose 0 = -2*z - 3*z + o. Does 7 divide z?
True
Suppose 3*f + 65 = 4*f - 4*v, -4*v - 20 = 0. Does 7 divide f?
False
Let y(b) = -4*b + 4. Is y(-1) a multiple of 3?
False
Suppose -3*w - 5 = 2*w. Let x be (-1)/2*(w + -1). Is 8*(2 - x/(-4)) a multiple of 13?
False
Suppose m = -2*m + 15. Suppose 2*v = -0*a + 2*a - 10, 4*v - a + m = 0. Suppose v = 4*z - z - 54. Is 18 a factor of z?
True
Suppose -5*g = 4*o + 43, g - o + 47 = -3*g. Let x(c) be the second derivative of -c**4/12 - 13*c**3/6 - 9*c**2/2 + c. Does 7 divide x(g)?
False
Let u = -27 + 21. Let l(c) be the first derivative of 2*c**3/3 + 7*c**2/2 - 6*c - 2. Does 9 divide l(u)?
False
Let a(s) = -s**2 + 4*s + 4. Let o be a(4). Suppose -5*z + o*z = -5*t - 10, 3*t - 42 = -z. Does 15 divide z?
True
Let c(z) = z - 3. Let k be c(2). Let f(x) = 14*x**2. Let a be f(-1). Does 6 divide a + -4 + k + 3?
True
Let x = -4 - -28. Let v = x - -8. Is 11 a factor of v?
False
Let n be (8/6)/(10/(-15)). Does 12 divide (-2)/(4 + n) + 37?
True
Let i = -30 - -177. Is i a multiple of 7?
True
Suppose -174 = 2*m + q - 678, 0 = 4*m + 4*q - 1016. Is 50 a factor of m?
True
Suppose 5*b + 0*b = -2*w - 275, -3*w = -4*b + 447. Let p = -63 - w. Suppose 0 = 3*s + s + 2*o - p, -119 = -5*s + 3*o. Does 19 divide s?
False
Suppose 4*n - 5 - 11 = 0. Suppose 0 = n*w - 64 - 36. Is w a multiple of 9?
False
Suppose v = 5*v - 160. Is 10 a factor of v?
True
Let w = -9 + 14. Suppose -5*x + 4*x - 5*i = -76, w*x - 380 = -4*i. Is x a multiple of 16?
False
Suppose r - 2*r + 4 = 0. Suppose -4*s - 40 = -2*y, -70 = -r*y - y + 4*s. Let o = y - 7. Does 3 divide o?
True
Does 4 divide -10*2/(-10)*8?
True
Suppose -3*a - 12 = 0, 13 + 17 = 2*z - 5*a. Let w = 19 - z. Suppose 0 = 3*t + w - 53. Is 13 a factor of t?
True
Is -2*1 + ((-142)/(-1) - 2) a multiple of 46?
True
Let n be (-4)/(3/(6/4)). Does 3 divide (n - -11) + -1 + 3?
False
Suppose 5*a + 5 = -0*a. Let y = a - -47. Suppose 3*d + 5*p = 3 + y, 4*d - 7 = 5*p. Does 8 divide d?
True
Suppose 2*t + 10 = 3*v, -3*t - v = 28 - 2. Let u(x) = -x**2 - 9*x - 3. Is 2 a factor of u(t)?
False
Let m(f) = f**3 - 6*f**2 + 2*f - 3. Does 9 divide m(6)?
True
Suppose -4*o = -2*z + 6*z - 208, -4*z + 4*o + 240 = 0. Let v(c) = c**2 + 4*c + 3. Let t be v(-5). Suppose t + z = 4*m. Is m a multiple of 6?
False
Suppose 4*z - 9*z = -4*b - 921, 5*b - 5 = 0. Does 28 divide z?
False
Suppose 2*w - 4 = 20. Is w even?
True
Let r(m) = 3*m - 12. Let d be r(8). Suppose 0 = 5*q + 2*j - 84, -j - d = -q - 3*j. Is 5 a factor of q?
False
Let r = 10 + -14. Is r/(3 - (-50)/(-16)) a multiple of 16?
True
Let n be (-1)/4 - 136/(-32). Suppose n*c - 3*m - 22 + 7 = 0, 2*m = 2*c - 6. Does 6 divide c?
True
Let r be ((-5)/(-3))/((-1)/(-186)). Suppose 5*g - 4*u - r = 0, -g + 4*u + 61 + 17 = 0. Is g a multiple of 29?
True
Let f(j) be the first derivative of -j**5/40 - 5*j**4/24 + j**3/3 + 1. Let b(a) be the third derivative of f(a). Is b(-4) a multiple of 7?
True
Suppose 3*y - w - 737 = -3*w, -751 = -3*y + 5*w. Is 19 a factor of y?
True
Let x = 59 + 55. Suppose -x - 106 = -5*m. Is 15 a factor of m?
False
Suppose -231 = -3*a + 45. Suppose 3*u = -4*s + 108, -2*s = -2*u + 2*s + a. Is u a multiple of 19?
False
Let g = -5 - -8. Suppose -8*f = -g*f. Suppose f = -4*n + 2*n + 10. Does 5 divide n?
True
Suppose -4*r = 5*w - 124, -4*w - r - 4*r + 101 = 0. Is w a multiple of 12?
True
Let p be -3 - (-1 - -15 - 1). Does 10 divide 24/(-18)*(1 + p)?
True
Let s = 5 + 3. Does 4 divide s?
True
Let z = 14 - 66. Suppose 2*b - 5*y = -183, -3*y = -0*b + 2*b + 191. Let o = z - b. Does 16 divide o?
False
Let w = 4 + -1. Let s be w*3/12*4. Suppose -51 - 21 = -s*d. Does 10 divide d?
False
Let q(d) = -18*d - 3 + 5 + 24*d - 3. Suppose -5*j = s - 0*s + 20, 15 = -3*j. Is 17 a factor of q(s)?
False
Let v = -4 + 10. Does 9 divide v/2 + 33/1?
True
Let v(n) = -n**3 + 4*n**2 - 2*n + 2. Let y be v(4). Let k be (-2 + -5)*y/21. Is 16 a factor of (-2)/k + -1 + 34?
True
Let w = -107 + 118. Is 5 a factor of w?
False
Let h(p) be the second derivative of p**4/12 + 2*p**3 + 5*p**2/2 + 3*p. Let u be h(-5). Let x = 57 + u. Is 11 a factor of x?
False
Let v = 76 - 40. Is 9 a factor of v?
True
Suppose 4*d + 51 = 159. Is 9 a factor of d?
True
Let s(w) = 2*w**2 - 20*w + 2. Does 60 divide s(18)?
False
Let t(a) = a**3 + 3*a**2 - 6*a - 4. Let h be t(-4). Suppose 8*u = h*u. Suppose -5*g - 20 = u, 5*i + 2*g - 67 = -0*g. Is 15 a factor of i?
True
Is 11/4 - 7/(-28) a multiple of 3?
True
Suppose -2*b - 3*p - p + 20 = 0, 0 = -5*b - 4*p + 20. Suppose 2*q = -b*q + 32. Is q a multiple of 4?
True
Let s(g) be the third derivative of -g**7/840 - g**6/360 - g**5/120 + g**4/4 + g**3/6 - g**2. Let y(d) be the first derivative of s(d). Does 5 divide y(0)?
False
Let a(q) = q**2 + 2*q - 3. Let g be a(2). Suppose -7*s = -3*s - 16. Suppose -3*o = g*h - 10 - 9, s*o - 72 = 5*h. Is 7 a factor of o?
False
Suppose 3*c = 21 - 0. Let z be 1168/28 - (-2)/c. Does 5 divide ((-2)/(-2))/(6/z)?
False
Suppose -141 = -5*u - 6. Suppose 2*w - 4*w - 5*f + u = 0, 2*w - 2*f - 48 = 0. Is w a multiple of 7?
True
Let g(o) = -o**2 - o. Let x(i) = -4*i**2 - 12*i - 10. Let y(j) = 5*g(j) - x(j). Is y(7) a multiple of 8?
False
Suppose -6 = -c - 4, -135 = -v - 5*c. Is 25 a factor of v?
Tru